{"id":53,"date":"2015-04-27T16:16:02","date_gmt":"2015-04-27T15:16:02","guid":{"rendered":"https:\/\/stpere-opportune.fr\/?page_id=53"},"modified":"2024-12-03T15:43:46","modified_gmt":"2024-12-03T14:43:46","slug":"presentation-de-lequipe","status":"publish","type":"page","link":"https:\/\/stpere-opportune.fr\/?page_id=53","title":{"rendered":"L&#8217;\u00e9quipe \u00e9ducative"},"content":{"rendered":"<p>L&#8217;\u00e9quipe p\u00e9dagogique de l&#8217;\u00e9cole Sainte Opportune est compos\u00e9e de&nbsp;:<\/p>\n<p>Sandrine Bodin en PS, remplac\u00e9e par Ang\u00e9lique Gu\u00e9zou<\/p>\n<p>Delphine Bouch\u00e9 en MS<\/p>\n<p>Gw\u00e9nola Th\u00e9not en GS, remplac\u00e9e par Diane Dubois De Mont Marin<\/p>\n<p>Val\u00e9rie Trichet en CP<\/p>\n<p>V\u00e9ronique Sarkis Dumas en CP\/CE1<\/p>\n<p>Nancy Guillou en CE1\/CE2<\/p>\n<p>Katy Boutin en CE2\/CM1<\/p>\n<p>Marion Lisai en CM1\/CM2<\/p>\n<p>Ronan M\u00e9rour et V\u00e9rane Monot en CM2<\/p>\n<p>Les enseignants sp\u00e9cialis\u00e9s Yann Chaigneau poste E, remplac\u00e9 par Marie Decorte et Aur\u00e9lie Lardeux, dispositif ULIS<\/p>\n<p>En maternelle, les enseignants exercent en collaboration avec des ASEM ( Agent Sp\u00e9cialis\u00e9 des Ecoles Maternelles ) : Muriel Dousset en PS\/MS, Cendrine Mariot en PS\/MS et Alexandra SACHAU en GS.<\/p>\n<p>En ULIS, l&#8217;enseignante exerce en collaboration avec une AESH ( Accompagnant des \u00c9l\u00e8ves en Situation de Handicap) : Laurie Durand<\/p>\n<p>L&#8217;entretien est assur\u00e9 par Alexandra SACHAU et le secr\u00e9tariat par Patricia Nicol.<\/p>\n<p>&nbsp;<\/p>\n<div id=\"sconnect-is-installed\" style=\"display: none;\">&nbsp;<\/div>\n<div id=\"sconnect-is-installed\" style=\"display: none;\">&nbsp;<\/div>\n<div id=\"sconnect-is-installed\" style=\"display: none;\">&nbsp;<\/div>\n<div id=\"sconnect-is-installed\" style=\"display: none;\">&nbsp;<\/div>\n<div id=\"sconnect-is-installed\" style=\"display: none;\">&nbsp;<\/div>\n<div id=\"sconnect-is-installed\" style=\"display: none;\">&nbsp;<\/div>\n<div id=\"sconnect-is-installed\" style=\"display: none;\">&nbsp;<\/div>\n","protected":false},"excerpt":{"rendered":"<p>L&#8217;\u00e9quipe p\u00e9dagogique de l&#8217;\u00e9cole Sainte Opportune est compos\u00e9e de&nbsp;: Sandrine Bodin en PS, remplac\u00e9e par Ang\u00e9lique Gu\u00e9zou Delphine Bouch\u00e9 en MS Gw\u00e9nola Th\u00e9not en GS, remplac\u00e9e par Diane Dubois De&hellip; <br \/> <a class=\"read-more\" href=\"https:\/\/stpere-opportune.fr\/?page_id=53\">Lire la suite<\/a><\/p>\n","protected":false},"author":2,"featured_media":0,"parent":0,"menu_order":0,"comment_status":"closed","ping_status":"closed","template":"","meta":{"ngg_post_thumbnail":0,"footnotes":""},"class_list":["post-53","page","type-page","status-publish","hentry"],"_links":{"self":[{"href":"https:\/\/stpere-opportune.fr\/index.php?rest_route=\/wp\/v2\/pages\/53","targetHints":{"allow":["GET"]}}],"collection":[{"href":"https:\/\/stpere-opportune.fr\/index.php?rest_route=\/wp\/v2\/pages"}],"about":[{"href":"https:\/\/stpere-opportune.fr\/index.php?rest_route=\/wp\/v2\/types\/page"}],"author":[{"embeddable":true,"href":"https:\/\/stpere-opportune.fr\/index.php?rest_route=\/wp\/v2\/users\/2"}],"replies":[{"embeddable":true,"href":"https:\/\/stpere-opportune.fr\/index.php?rest_route=%2Fwp%2Fv2%2Fcomments&post=53"}],"version-history":[{"count":12,"href":"https:\/\/stpere-opportune.fr\/index.php?rest_route=\/wp\/v2\/pages\/53\/revisions"}],"predecessor-version":[{"id":8342,"href":"https:\/\/stpere-opportune.fr\/index.php?rest_route=\/wp\/v2\/pages\/53\/revisions\/8342"}],"wp:attachment":[{"href":"https:\/\/stpere-opportune.fr\/index.php?rest_route=%2Fwp%2Fv2%2Fmedia&parent=53"}],"curies":[{"name":"wp","href":"https:\/\/api.w.org\/{rel}","templated":true}]}}